.
-9
Let u(i) = 938*i + 5454. Calculate u(-6).
-174
Let s(t) = -292*t + 5514. Determine s(19).
-34
Let m(w) = -1622*w**3 + w**2 - 79*w + 77. Calculate m(1).
-1623
Let y(v) = 39*v**2 + 642*v - 360. Determine y(-17).
-3
Let g(k) = -3*k**2 + 547*k + 7370. Give g(-13).
-248
Let v(o) = -2*o**3 - 301*o**2 + 1716*o + 159. Determine v(-156).
159
Let h(l) = 10*l**2 - 10805*l + 10804. Determine h(1).
9
Let u(k) = -k**3 - 19*k**2 - 126*k - 205. Determine u(-3).
29
Let y(t) = -8*t**2 + 5655*t + 22637. Calculate y(-4).
-111
Let k(j) = j**3 - 161*j**2 - 158*j - 27392. What is k(163)?
-8
Let b(z) = z**2 - 24832*z + 272918. Give b(11).
-113
Let i(s) = -3*s**3 + 134*s**2 - 357*s + 224. What is i(42)?
-658
Let m(r) = -21*r**3 - r**2 - 109*r + 8. Give m(0).
8
Let b(k) = 11*k**2 + 459*k + 380. Calculate b(-41).
52
Let b(q) = -q**3 + 46*q**2 - 426*q + 109. Give b(13).
148
Let a(i) = 2*i**3 - 77*i**2 + 109*i + 79. Give a(2).
5
Let f(o) = -327*o**2 - 7*o + 19. Determine f(0).
19
Let a(y) = y**3 - 91*y**2 + 10*y + 7237. What is a(90)?
37
Let h(p) = -10*p**2 - 1288*p - 471. Determine h(-127).
1815
Let d(n) = -1252*n - 1206. What is d(-1)?
46
Let z(b) = -8*b**2 + 29*b + 130. What is z(8)?
-150
Let a(d) = d**2 - 317*d - 72569. Give a(-154).
-35
Let m(k) = -7*k**2 + 146*k + 6357. Determine m(47).
-2244
Let p(m) = -252567*m - 1767950. What is p(-7)?
19
Let i(t) = 404965*t + 5264534. Give i(-13).
-11
Let d(i) = 3*i**3 + 47*i**2 - 143*i - 74. Calculate d(3).
1
Let q(m) = -818041*m + 10634527. Calculate q(13).
-6
Let x(g) = -19*g + 5365. What is x(282)?
7
Let b(y) = -25279*y + 6243922. Determine b(247).
9
Let d(b) = -b**2 + 1690*b + 51598. What is d(-30)?
-2
Let w(j) = -29552*j + 2305085. Give w(78).
29
Let g(u) = 8*u**3 - 258*u**2 + 398*u - 2741. What is g(31)?
-13
Let i(l) = l**3 - 203*l**2 + 40*l - 11055. Determine i(203).
-2935
Let i(v) = v**3 - 136*v**2 + 654*v + 130. Calculate i(131).
-1
Let m(v) = -110*v**3 - 40*v**2 - 27*v - 31. Give m(-1).
66
Let o(l) = 57286*l - 1317580. Calculate o(23).
-2
Let q(j) = -73*j**3 + 4745*j**2 - 233*j + 15138. What is q(65)?
-7
Let j(z) = 4*z**3 + 394*z**2 + 1169*z + 7. Calculate j(-3).
-62
Let u(n) = -1900*n - 716298. Give u(-377).
2
Let z(j) = -38*j**3 - 222*j**2 + 5*j - 26. Calculate z(-6).
160
Let y(i) = 134*i**2 + 11654*i - 131. Calculate y(-87).
217
Let h(z) = 603*z - 22883. What is h(38)?
31
Let u(h) = 502*h + 54. What is u(0)?
54
Let l(u) = 458*u + 142893. Determine l(-312).
-3
Let g(v) = -3*v**3 + 8*v**2 - 30*v + 138. Determine g(9).
-1671
Let b(k) = k**3 + 137*k**2 - 1130*k - 172184. Determine b(-136).
-8
Let o(a) = 455*a**3 + 3179*a**2 - 7*a - 75. Calculate o(-7).
-320
Let w(t) = t**3 - 65*t**2 - 25*t - 38. Determine w(0).
-38
Let w(l) = -3*l**3 - 943*l**2 - 353*l - 12316. Calculate w(-314).
-70
Let f(w) = -7*w**3 - 28*w**2 - 74*w - 167. Calculate f(-3).
-8
Let m(b) = b**3 - 85*b**2 - 2128*b + 2044. Determine m(-21).
-14
Let j(c) = 5971*c - 203292. Give j(34).
-278
Let u(z) = 38*z**3 - 28*z**2 - 57*z - 19. Calculate u(-2).
-321
Let m(d) = d**3 - 492*d**2 - 411*d - 40427. Determine m(493).
-1
Let g(f) = 2*f**2 + 1715*f - 15593. What is g(9)?
4
Let w(k) = 41*k - 2456. Calculate w(76).
660
Let g(x) = -5137*x + 549657. Determine g(107).
-2
Let b(x) = -x**2 - 349*x - 7194. Calculate b(-22).
0
Let s(c) = -c**3 - 215*c**2 - 10255*c - 7349. Give s(-70).
1
Let g(m) = 2*m**2 + 4924*m - 39540. Give g(8).
-20
Let z(g) = 18456*g - 295256. Give z(16).
40
Let w(v) = -v**3 - 36*v**2 + 1455*v + 52467. Calculate w(-37).
1
Let w(q) = 183*q - 33957. Determine w(192).
1179
Let p(s) = -2533*s - 12511. Give p(-5).
154
Let y(x) = 3*x**3 + 9*x**2 - 233*x + 739. Determine y(4).
143
Let t(l) = -2*l**2 + 125*l + 11250. Calculate t(-50).
0
Let m(k) = -2*k**3 + 66*k**2 + 41*k + 1106. Calculate m(34).
188
Let w(m) = 483*m**2 + 1472*m - 2948. Calculate w(2).
1928
Let w(q) = -2*q**3 - 41*q**2 + 108*q - 5. Give w(-23).
156
Let z(b) = -2121*b - 14682. Give z(-7).
165
Let u(b) = 6*b**3 + 62*b**2 - 125*b - 2. Calculate u(2).
44
Let c(a) = -36179*a - 103291042. Give c(-2855).
3
Let j(i) = -4363*i - 43559. Give j(-10).
71
Let g(k) = -9*k**3 - 2*k**2 + 11*k + 5. What is g(3)?
-223
Let w(i) = -5*i**3 + 66*i**2 + 156*i - 284. Calculate w(15).
31
Let o(j) = 939*j**3 - 22*j**2 + 35*j - 14. Calculate o(1).
938
Let l(y) = -2*y**2 + 352*y + 6132. Determine l(194).
-852
Let s(l) = l**2 + 439*l - 45159. Give s(-525).
-9
Let g(f) = -3536774*f - 3536777. What is g(-1)?
-3
Let h(j) = -47*j**2 + 201*j + 1406. Give h(8).
6
Let k(r) = 9877*r + 2251954. Determine k(-228).
-2
Let x(l) = -l**3 - 60*l**2 - 108*l - 2959. Determine x(-59).
-68
Let b(v) = -17688*v + 955028. Determine b(54).
-124
Let w(d) = 194*d - 20928. Determine w(111).
606
Let b(g) = 6*g**2 + 951*g + 8935. Give b(-10).
25
Let n(i) = 8*i**2 - 115*i + 132. What is n(13)?
-11
Let s(z) = 30*z**2 - 10*z + 10. Determine s(6).
1030
Let q(d) = -269*d + 9213. What is q(35)?
-202
Let b(g) = -3*g**3 - 325*g**2 + 207*g - 921. Give b(-109).
278
Let i(w) = 12*w**3 + 28*w**2 - 79*w - 10. What is i(-4)?
-14
Let w(k) = -2*k**3 - 43*k**2 + 291*k - 89. What is w(-27)?
73
Let t(h) = -3*h**2 + 261*h - 2470. Give t(68).
1406
Let f(o) = 13*o**2 - 404*o + 4606. Determine f(12).
1630
Let h(p) = -p**2 + 1658*p + 18008. Give h(-11).
-351
Let r(b) = -b**2 + 5645*b - 33877. Give r(6).
-43
Let n(g) = g**2 + 266*g - 3478. Determine n(-265).
-3743
Let l(r) = -8*r**2 - 5866*r - 7336. Calculate l(-732).
-16
Let x(j) = 348781*j - 18. Calculate x(0).
-18
Let s(j) = -275174*j - 3852425. Determine s(-14).
11
Let y(n) = -10*n**3 + 254*n**2 + 3035*n - 3767. Determine y(34).
7
Let g(s) = -925*s - 32165. Give g(-35).
210
Let v(g) = g**3 + 3*g**2 - 84*g + 150. Give v(6).
-30
Let y(n) = n**3 - 94*n**2 + 1481*n - 144. Calculate y(74).
-70
Let a(b) = -3187*b**2 + 76488*b - 11. Determine a(24).
-11
Let p(n) = -6*n**3 + 158*n**2 - 49*n + 488. Calculate p(26).
566
Let s(v) = -v**2 - 1310*v + 14952. Calculate s(11).
421
Let x(i) = -67156*i + 67101. What is x(1)?
-55
Let m(q) = -9*q**2 + 115*q + 1317. What is m(-11)?
-1037
Let y(n) = 64556*n - 8. Determine y(0).
-8
Let a(m) = 49*m - 564. Give a(11).
-25
Let t(w) = 2*w**3 - 21*w**2 - 61852*w + 741775. What is t(12)?
-17
Let s(x) = 171*x**3 + 5987*x**2 + 70*x. Calculate s(-35).
0
Let p(r) = 37268*r + 186254. Calculate p(-5).
-86
Let n(g) = -g**2 - 316*g - 3350. Calculate n(-305).
5
Let p(f) = 55*f**2 - 741*f - 3309. Determine p(17).
-11
Let x(h) = 26*h**3 - 203*h**2 - 11*h - 37. Calculate x(8).
195
Let i(c) = 4*c**2 - 287*c - 8934. What is i(91)?
-1927
Let s(z) = -z**2 - 35*z + 18645. What is s(118)?
591
Let a(t) = t**3 - t**2 + 12015*t + 146045. Determine a(-12).
-7
Let m(o) = o**3 - 65*o**2 + 223*o + 147. Give m(61).
-1134
Let j(c) = -c**3 - c**2 - 35*c - 415. Determine j(-7).
124
Let u(c) = -4*c**3 + 36*c**2 + 250*c - 13. Determine u(-4).
-181
Let c(o) = 2*o**3 - 29*o**2 + 134*o - 623. Calculate c(11).
4
Let h(b) = -143*b**3 - 2*b**2 - 18*b - 15. What is h(-1)?
144
Let k(r) = -222*r - 62075. Give k(-279).
-137
Let o(d) = d**3 - 253*d**2 + 15932*d - 219. Calculate o(135).
51
Let r(c) = -6122*c - 863203. Give r(-141).
-1
Let q(x) = 2*x**2 - 24571*x - 492230. Calculate q(-20).
-10
Let o(s) = -1492*s + 444636. Determine o(298).
20
Let o(c) = -c**2 - 7340*c - 262953. What is o(-36)?
-9
Let b(d) = 26*d**2 - 737*d + 399. Calculate b(28).
147
Let k(x) = -2035*x + 20203. Determine k(10).
-147
Let l(v) = 948*v - 17047. What is l(18)?
17
Let i(d) = 1233*d**2 + 3220*d. What is i(-3)?
1437
Let l(h) = 2359*h - 14954. What is l(6)?
-800
Let o(x) = 26*x**2 + 2784*x + 520. Give o(-107).
306
Let t(p) = 21*p**3 + 113*p**2 + 61*p - 55. Give t(-5).
-160
Let t(r) = r**3 + 1706*r**2 + 35591*r + 347110. Give t(-1685).
0
Let t(b) = 2*b**2 - 933*b - 34013. What is t(-34)?
21
Let c(w) = 39663*w + 118995. Determine c(-3).
6
Let i(r) = -4*r**3 - 139*r**2 + 317*r - 310. Give i(-37).
282
Let v(i) = i**2 + 653*i - 2468. Give v(4).
160
Let m(p) = -38*p**2 + 4099*p + 22043. Calculate m(113).
8
Let c(o) = 3*o**3 - 125*o**2 + 415*o + 113. Give c(38).
-1
Let f(c) = -857*c + 380. Calculate f(-2).
2094
Let c(m) = -165*m**2 + 1147*m + 1372. Give c(8).
-12
Let j(z) = 2223*z + 24418. Give j(-11).
-35
Let n(t) = 7677*t + 15407. Calculate n(-2).
53
Let s